{"id":116,"date":"2023-09-24T12:42:48","date_gmt":"2023-09-24T12:42:48","guid":{"rendered":"https:\/\/drkubilayorhan.com\/?page_id=116"},"modified":"2024-04-24T11:37:20","modified_gmt":"2024-04-24T08:37:20","slug":"mezoterapi","status":"publish","type":"page","link":"https:\/\/drkubilayorhan.com\/index.php\/mezoterapi\/","title":{"rendered":"Mezoterapi"},"content":{"rendered":"<p>Mezoterapi, cilt bak\u0131m\u0131 ve gen\u00e7le\u015ftirme aln\u0131nda etkili bir tedavi y\u00f6ntemi olarak kabul edilmektedir. Ancak herkes i\u00e7in \u00e7ok farkl\u0131 uygulamalar gerekmektedir. Konu \u00f6ncesinde uzman g\u00f6r\u00fc\u015f\u00fc al\u0131narak sa\u011flanmal\u0131d\u0131r. do\u011fru \u015fekilde uyguland\u0131\u011f\u0131 takdirde mezoterapi cilt sa\u011fl\u0131\u011f\u0131n\u0131 iyile\u015ftirir dolay\u0131s\u0131yla g\u00fczellik te beraberinde gelir.<\/p>\n<p>Cilt sa\u011fl\u0131\u011f\u0131n\u0131n korunmas\u0131 ve hastal\u0131klar\u0131n\u0131n iyile\u015ftirilmesi insanlar\u0131n do\u011fa ile s\u0131n\u0131rlar\u0131n\u0131n aral\u0131ks\u0131z ve sa\u011flam olmas\u0131 \u00f6nemlidir.<\/p>\n<p>Mezoterapi \u00f6zel olarak haz\u0131rlanm\u0131\u015f kokteyllerin cilt alt\u0131na direk olarak aktar\u0131lmas\u0131 ve etkilerinin g\u00f6zlenmesi ile ger\u00e7ekle\u015ftirilir kokteyllerin i\u00e7eri\u011fi cildin ihtiyac\u0131na g\u00f6re \u015fekillenmelidir. Giri\u015fimler cildin mezo (orta) tabakas\u0131na yap\u0131lmal\u0131d\u0131r.<\/p>\n<p>&nbsp;<\/p>\n","protected":false},"excerpt":{"rendered":"<p>Mezoterapi, cilt bak\u0131m\u0131 ve gen\u00e7le\u015ftirme aln\u0131nda etkili bir tedavi y\u00f6ntemi olarak kabul edilmektedir. Ancak herkes i\u00e7in \u00e7ok farkl\u0131 uygulamalar gerekmektedir. Konu \u00f6ncesinde uzman g\u00f6r\u00fc\u015f\u00fc al\u0131narak sa\u011flanmal\u0131d\u0131r. do\u011fru \u015fekilde uyguland\u0131\u011f\u0131 takdirde mezoterapi cilt sa\u011fl\u0131\u011f\u0131n\u0131 iyile\u015ftirir dolay\u0131s\u0131yla g\u00fczellik te beraberinde gelir. Cilt sa\u011fl\u0131\u011f\u0131n\u0131n korunmas\u0131 ve hastal\u0131klar\u0131n\u0131n iyile\u015ftirilmesi insanlar\u0131n do\u011fa ile s\u0131n\u0131rlar\u0131n\u0131n aral\u0131ks\u0131z ve sa\u011flam olmas\u0131 \u00f6nemlidir. Mezoterapi &hellip; <\/p>\n<div class=\"link-more\"><a href=\"https:\/\/drkubilayorhan.com\/index.php\/mezoterapi\/\" class=\"more-link\">Read More<span class=\"screen-reader-text\"> &#8220;Mezoterapi&#8221;<\/span><\/a><\/div>\n","protected":false},"author":1,"featured_media":0,"parent":0,"menu_order":0,"comment_status":"closed","ping_status":"closed","template":"","meta":{"footnotes":""},"class_list":["post-116","page","type-page","status-publish","hentry"],"yoast_head":"<!-- This site is optimized with the Yoast SEO plugin v21.3 - https:\/\/yoast.com\/wordpress\/plugins\/seo\/ -->\n<title>Mezoterapi -<\/title>\n<meta name=\"robots\" content=\"index, follow, max-snippet:-1, max-image-preview:large, max-video-preview:-1\" \/>\n<link rel=\"canonical\" href=\"https:\/\/drkubilayorhan.com\/index.php\/mezoterapi\/\" \/>\n<meta property=\"og:locale\" content=\"tr_TR\" \/>\n<meta property=\"og:type\" content=\"article\" \/>\n<meta property=\"og:title\" content=\"Mezoterapi -\" \/>\n<meta property=\"og:description\" content=\"Mezoterapi, cilt bak\u0131m\u0131 ve gen\u00e7le\u015ftirme aln\u0131nda etkili bir tedavi y\u00f6ntemi olarak kabul edilmektedir. Ancak herkes i\u00e7in \u00e7ok farkl\u0131 uygulamalar gerekmektedir. Konu \u00f6ncesinde uzman g\u00f6r\u00fc\u015f\u00fc al\u0131narak sa\u011flanmal\u0131d\u0131r. do\u011fru \u015fekilde uyguland\u0131\u011f\u0131 takdirde mezoterapi cilt sa\u011fl\u0131\u011f\u0131n\u0131 iyile\u015ftirir dolay\u0131s\u0131yla g\u00fczellik te beraberinde gelir. Cilt sa\u011fl\u0131\u011f\u0131n\u0131n korunmas\u0131 ve hastal\u0131klar\u0131n\u0131n iyile\u015ftirilmesi insanlar\u0131n do\u011fa ile s\u0131n\u0131rlar\u0131n\u0131n aral\u0131ks\u0131z ve sa\u011flam olmas\u0131 \u00f6nemlidir. Mezoterapi &hellip; Read More &quot;Mezoterapi&quot;\" \/>\n<meta property=\"og:url\" content=\"https:\/\/drkubilayorhan.com\/index.php\/mezoterapi\/\" \/>\n<meta property=\"article:modified_time\" content=\"2024-04-24T08:37:20+00:00\" \/>\n<meta name=\"twitter:card\" content=\"summary_large_image\" \/>\n<meta name=\"twitter:label1\" content=\"Tahmini okuma s\u00fcresi\" \/>\n\t<meta name=\"twitter:data1\" content=\"1 dakika\" \/>\n<script type=\"application\/ld+json\" class=\"yoast-schema-graph\">{\"@context\":\"https:\/\/schema.org\",\"@graph\":[{\"@type\":\"WebPage\",\"@id\":\"https:\/\/drkubilayorhan.com\/index.php\/mezoterapi\/\",\"url\":\"https:\/\/drkubilayorhan.com\/index.php\/mezoterapi\/\",\"name\":\"Mezoterapi -\",\"isPartOf\":{\"@id\":\"https:\/\/drkubilayorhan.com\/#website\"},\"datePublished\":\"2023-09-24T12:42:48+00:00\",\"dateModified\":\"2024-04-24T08:37:20+00:00\",\"breadcrumb\":{\"@id\":\"https:\/\/drkubilayorhan.com\/index.php\/mezoterapi\/#breadcrumb\"},\"inLanguage\":\"tr\",\"potentialAction\":[{\"@type\":\"ReadAction\",\"target\":[\"https:\/\/drkubilayorhan.com\/index.php\/mezoterapi\/\"]}]},{\"@type\":\"BreadcrumbList\",\"@id\":\"https:\/\/drkubilayorhan.com\/index.php\/mezoterapi\/#breadcrumb\",\"itemListElement\":[{\"@type\":\"ListItem\",\"position\":1,\"name\":\"Anasayfa\",\"item\":\"https:\/\/drkubilayorhan.com\/\"},{\"@type\":\"ListItem\",\"position\":2,\"name\":\"Mezoterapi\"}]},{\"@type\":\"WebSite\",\"@id\":\"https:\/\/drkubilayorhan.com\/#website\",\"url\":\"https:\/\/drkubilayorhan.com\/\",\"name\":\"www.drkubilayorhan.com\",\"description\":\"\",\"publisher\":{\"@id\":\"https:\/\/drkubilayorhan.com\/#organization\"},\"potentialAction\":[{\"@type\":\"SearchAction\",\"target\":{\"@type\":\"EntryPoint\",\"urlTemplate\":\"https:\/\/drkubilayorhan.com\/?s={search_term_string}\"},\"query-input\":\"required name=search_term_string\"}],\"inLanguage\":\"tr\"},{\"@type\":\"Organization\",\"@id\":\"https:\/\/drkubilayorhan.com\/#organization\",\"name\":\"Uzm. Dr. Kubilay Orhan\",\"url\":\"https:\/\/drkubilayorhan.com\/\",\"logo\":{\"@type\":\"ImageObject\",\"inLanguage\":\"tr\",\"@id\":\"https:\/\/drkubilayorhan.com\/#\/schema\/logo\/image\/\",\"url\":\"https:\/\/drkubilayorhan.com\/wp-content\/uploads\/2023\/10\/cropped-loso-son.png\",\"contentUrl\":\"https:\/\/drkubilayorhan.com\/wp-content\/uploads\/2023\/10\/cropped-loso-son.png\",\"width\":726,\"height\":242,\"caption\":\"Uzm. Dr. Kubilay Orhan\"},\"image\":{\"@id\":\"https:\/\/drkubilayorhan.com\/#\/schema\/logo\/image\/\"}}]}<\/script>\n<!-- \/ Yoast SEO plugin. -->","yoast_head_json":{"title":"Mezoterapi -","robots":{"index":"index","follow":"follow","max-snippet":"max-snippet:-1","max-image-preview":"max-image-preview:large","max-video-preview":"max-video-preview:-1"},"canonical":"https:\/\/drkubilayorhan.com\/index.php\/mezoterapi\/","og_locale":"tr_TR","og_type":"article","og_title":"Mezoterapi -","og_description":"Mezoterapi, cilt bak\u0131m\u0131 ve gen\u00e7le\u015ftirme aln\u0131nda etkili bir tedavi y\u00f6ntemi olarak kabul edilmektedir. Ancak herkes i\u00e7in \u00e7ok farkl\u0131 uygulamalar gerekmektedir. Konu \u00f6ncesinde uzman g\u00f6r\u00fc\u015f\u00fc al\u0131narak sa\u011flanmal\u0131d\u0131r. do\u011fru \u015fekilde uyguland\u0131\u011f\u0131 takdirde mezoterapi cilt sa\u011fl\u0131\u011f\u0131n\u0131 iyile\u015ftirir dolay\u0131s\u0131yla g\u00fczellik te beraberinde gelir. Cilt sa\u011fl\u0131\u011f\u0131n\u0131n korunmas\u0131 ve hastal\u0131klar\u0131n\u0131n iyile\u015ftirilmesi insanlar\u0131n do\u011fa ile s\u0131n\u0131rlar\u0131n\u0131n aral\u0131ks\u0131z ve sa\u011flam olmas\u0131 \u00f6nemlidir. Mezoterapi &hellip; Read More \"Mezoterapi\"","og_url":"https:\/\/drkubilayorhan.com\/index.php\/mezoterapi\/","article_modified_time":"2024-04-24T08:37:20+00:00","twitter_card":"summary_large_image","twitter_misc":{"Tahmini okuma s\u00fcresi":"1 dakika"},"schema":{"@context":"https:\/\/schema.org","@graph":[{"@type":"WebPage","@id":"https:\/\/drkubilayorhan.com\/index.php\/mezoterapi\/","url":"https:\/\/drkubilayorhan.com\/index.php\/mezoterapi\/","name":"Mezoterapi -","isPartOf":{"@id":"https:\/\/drkubilayorhan.com\/#website"},"datePublished":"2023-09-24T12:42:48+00:00","dateModified":"2024-04-24T08:37:20+00:00","breadcrumb":{"@id":"https:\/\/drkubilayorhan.com\/index.php\/mezoterapi\/#breadcrumb"},"inLanguage":"tr","potentialAction":[{"@type":"ReadAction","target":["https:\/\/drkubilayorhan.com\/index.php\/mezoterapi\/"]}]},{"@type":"BreadcrumbList","@id":"https:\/\/drkubilayorhan.com\/index.php\/mezoterapi\/#breadcrumb","itemListElement":[{"@type":"ListItem","position":1,"name":"Anasayfa","item":"https:\/\/drkubilayorhan.com\/"},{"@type":"ListItem","position":2,"name":"Mezoterapi"}]},{"@type":"WebSite","@id":"https:\/\/drkubilayorhan.com\/#website","url":"https:\/\/drkubilayorhan.com\/","name":"www.drkubilayorhan.com","description":"","publisher":{"@id":"https:\/\/drkubilayorhan.com\/#organization"},"potentialAction":[{"@type":"SearchAction","target":{"@type":"EntryPoint","urlTemplate":"https:\/\/drkubilayorhan.com\/?s={search_term_string}"},"query-input":"required name=search_term_string"}],"inLanguage":"tr"},{"@type":"Organization","@id":"https:\/\/drkubilayorhan.com\/#organization","name":"Uzm. Dr. Kubilay Orhan","url":"https:\/\/drkubilayorhan.com\/","logo":{"@type":"ImageObject","inLanguage":"tr","@id":"https:\/\/drkubilayorhan.com\/#\/schema\/logo\/image\/","url":"https:\/\/drkubilayorhan.com\/wp-content\/uploads\/2023\/10\/cropped-loso-son.png","contentUrl":"https:\/\/drkubilayorhan.com\/wp-content\/uploads\/2023\/10\/cropped-loso-son.png","width":726,"height":242,"caption":"Uzm. Dr. Kubilay Orhan"},"image":{"@id":"https:\/\/drkubilayorhan.com\/#\/schema\/logo\/image\/"}}]}},"_links":{"self":[{"href":"https:\/\/drkubilayorhan.com\/index.php\/wp-json\/wp\/v2\/pages\/116","targetHints":{"allow":["GET"]}}],"collection":[{"href":"https:\/\/drkubilayorhan.com\/index.php\/wp-json\/wp\/v2\/pages"}],"about":[{"href":"https:\/\/drkubilayorhan.com\/index.php\/wp-json\/wp\/v2\/types\/page"}],"author":[{"embeddable":true,"href":"https:\/\/drkubilayorhan.com\/index.php\/wp-json\/wp\/v2\/users\/1"}],"replies":[{"embeddable":true,"href":"https:\/\/drkubilayorhan.com\/index.php\/wp-json\/wp\/v2\/comments?post=116"}],"version-history":[{"count":6,"href":"https:\/\/drkubilayorhan.com\/index.php\/wp-json\/wp\/v2\/pages\/116\/revisions"}],"predecessor-version":[{"id":254,"href":"https:\/\/drkubilayorhan.com\/index.php\/wp-json\/wp\/v2\/pages\/116\/revisions\/254"}],"wp:attachment":[{"href":"https:\/\/drkubilayorhan.com\/index.php\/wp-json\/wp\/v2\/media?parent=116"}],"curies":[{"name":"wp","href":"https:\/\/api.w.org\/{rel}","templated":true}]}}